a) be the third derivative of g(a). Calculate w(-4).
-2
Let h(x) = -2 + 7*x - 5*x**2 - 2*x + 0*x**2 + x**3. Let l = -340 - -344. Give h(l).
2
Let t(g) = -g**2 - 9*g + 1. Let u be (7 - (4 - 1)) + -2. Let h be (-9)/u*(-2 + 4). Let d be t(h). Let l(j) = -4*j**3 + j. Determine l(d).
-3
Let f(a) be the third derivative of a**6/720 - a**5/24 + a**4/12 + a**3/3 + 15*a**2. Let k(r) be the second derivative of f(r). What is k(-6)?
-11
Let c = -87 + 115. Let x = c - 31. Let i(n) = n**3 + 3*n**2 + 3*n - 1. What is i(x)?
-10
Let q(f) be the second derivative of -f**4/12 + 2*f**3/3 + 9*f**2/2 - 53*f - 1. Give q(5).
4
Suppose 0 = 8*i - 7*i + 9. Let o(d) = 3*d - 9. Calculate o(i).
-36
Let r(h) be the second derivative of -h**7/2520 - h**6/360 - h**5/120 - h**4/3 + 10*h. Let m(i) be the third derivative of r(i). Determine m(-4).
-9
Let s(n) = n**3 + 10*n**2 + 7*n - 12. Let k be s(-9). Let i be 9/k*(-8)/(-6). Let a(l) = -l**i + 7*l**3 + 3*l**3 + 2*l**3. Determine a(-1).
-13
Let b(f) = -9*f**2 - 16*f - 8424*f**3 - 15 + 8425*f**3 - 10*f + 5*f. Give b(11).
-4
Let m(n) = n + 1. Let v(s) = 10*s + 3. Let f(d) = -9*d - 2. Let q(k) = 7*f(k) + 6*v(k). Let h(c) = 3*m(c) - q(c). Give h(2).
11
Let m(w) = -w**2 + 2*w + 4. Suppose -z + 8 = 6. Let s(i) = -2*i**2 + 7*i - 2. Let x be s(z). What is m(x)?
-4
Let l(d) be the third derivative of d**6/720 + d**5/60 - 17*d**4/24 + 13*d**2. Let a(u) be the second derivative of l(u). What is a(2)?
4
Let l be -1 + 2/((-2)/(-3)). Let h(x) = -3*x + x**2 + 6*x + 0*x**l. Let a be -6 + 27/(-18)*16/(-12). Determine h(a).
4
Let s(h) = h - 6. Let p(d) = 6*d - 5. Let o(i) = i - 1. Let l(q) = 5*o(q) - p(q). Let n be l(-4). Let z be 2*4/8 + n. What is s(z)?
-1
Let r be (-1*16)/(0 - -1). Let f = r - -13. Let g(t) = 3*t**2 - 3*t + 6. Let y(b) = -4*b**2 + 3*b - 7. Let s(q) = -5*g(q) - 4*y(q). What is s(f)?
-2
Let o(a) = a**2 - 12*a + 37. Let m be o(7). Let u(x) be the second derivative of 0 + 7/2*x**m - 5/6*x**3 + 5/12*x**4 - 2*x - 1/20*x**5. Determine u(5).
-18
Suppose 2*a - 23 = a - t, 0 = 2*t + 10. Suppose -a = -6*l + 2. Let w(r) = r**3 - 5*r**2 + 2*r - 3. Give w(l).
7
Let r(u) = -4*u + 2*u - 6*u**2 + 7*u**2 + 1. Let v be (-10)/(-2)*((-22)/(-5))/11. What is r(v)?
1
Let k be (-1)/4 + 770/(-56) + 15. Let s(i) = 68*i - 1. What is s(k)?
67
Let b(v) = 2*v**2 - v**3 + 0*v**3 + 0*v**3 - 2*v. Suppose 4*o = 4*a + 8, 3*o - 4*a + 10 = -5*a. Let p be o/(5/(-15)*2). Calculate b(p).
-15
Let n(i) = -2*i - 3. Let f(v) = -9*v + 87. Let s be f(9). Determine n(s).
-15
Let z = 516 + -517. Let d(p) = -6*p**2 + 1. Determine d(z).
-5
Let n = 46 + -36. Let i(b) = -b**3 + 8*b + n*b**2 - 5 - b - 6*b**2. Calculate i(5).
5
Let f(n) = 2*n**2 + 0*n**3 + n**3 - 2*n**2. Let b be 6 - (-3 - (2 + -10)). Determine f(b).
1
Let w(h) be the third derivative of 11*h**6/120 - h**5/60 - h**2. Let q be 2/4 - 11/(-22). What is w(q)?
10
Let v(g) = -33*g + 133. Let z be v(4). Let t(a) = 13*a**3 - a**3 + 6*a - 7*a. What is t(z)?
11
Let c = 29 + -30. Let g(y) = y - 1. What is g(c)?
-2
Let w = 96 - 97. Let k(q) be the first derivative of 4*q**3 - 4 + 0*q + 1/2*q**2. Determine k(w).
11
Let d(b) = -3*b**2 - 4*b + 2. Let q(l) = -2*l**2 - 9*l - 10. Let w be q(-3). Let z(p) = p**2 - 1. Let k(i) = w*z(i) + d(i). Determine k(2).
-21
Let f(h) = -16*h - 2 - 2 - 13*h + 39*h - 16*h. Determine f(-4).
20
Suppose 0 = -3*d + 20 - 38. Let m be (4/d)/(8/(-60)). Let o(l) = 17*l**2 - m - 11*l**2 - l**3 + 2. What is o(6)?
-3
Let j(r) = -r**2 - 2*r. Suppose 5*l - 5*q - 25 = 0, -4*l - 3*q = 2*q - 11. Suppose 0*v - 6 = l*m - v, m + v + 4 = 0. Determine j(m).
0
Let y(c) = c**3 + 4*c**2 + 2*c + 9. Let v be y(-4). Let a be (7/((-7)/(-6)))/v. Let d(m) = -m + 2. Calculate d(a).
-4
Let f = 28 + -20. Suppose 5*a - 14 = -3*k + 5*k, 2*a - f = 2*k. Let g(x) = -3 - 3*x**3 + x + x**2 + 1 + 2*x**3. Calculate g(a).
-4
Let f(z) = -87*z - 59*z + 147*z + 12. What is f(-5)?
7
Let w(q) = 39*q - 36. Let n be w(1). Let y(r) = 7*r - 4. Let g = -3 + -1. Let m(b) = 6*b - 3. Let a(z) = g*m(z) + n*y(z). Give a(-1).
3
Let q(f) = -5*f + 1. Suppose -5*x = -2*x + 3*u + 18, -5*u = -4*x - 60. Let k = -9 - x. Determine q(k).
-4
Let g(z) = -7*z + 17. Let y(b) = -b + 6. Let f(x) = -g(x) + 3*y(x). Give f(4).
17
Let g(d) = d**3 + 3*d**2 - 4*d + 4. Suppose -15*i + 9*i - 24 = 0. Give g(i).
4
Let v be ((-6)/(-8))/((-2)/(-16)). Let h(o) = 20*o - 12. Let b(s) = -11*s + 7. Let a(r) = 11*b(r) + 6*h(r). Determine a(v).
-1
Let d be (-2)/3*(-18)/4. Suppose d*t - 3*b = 2*b - 9, -6 = 2*t + 2*b. Let s(u) = 4*u + 6. Let a be s(t). Let g(w) = -w**3 - 6*w**2 + w + 2. Calculate g(a).
-4
Let a(x) be the second derivative of x**6/720 - x**5/120 + 11*x**4/12 + 9*x. Let o(t) be the third derivative of a(t). Give o(-4).
-5
Let g(i) = i**2 - 15. Let y be g(8). Suppose -f = 6*f + y. Let x(h) = -h**3 - 7*h**2 + 7. Give x(f).
7
Let m be 4/((-10)/(-35)*7). Let x = 4 + -1. Let c(i) = -3*i + 3. Let y(h) = 3*h - 4. Let g(l) = m*y(l) + x*c(l). What is g(-1)?
4
Let t(r) = -5*r + 3. Let m(w) = -14*w + 13. Let u(y) = 6*m(y) - 17*t(y). Give u(-11).
16
Suppose -2*i - 4*s + 16 = 0, -3*i = -6*s + 2*s - 24. Let g(b) = -3*b + 21. Give g(i).
-3
Suppose 0 = 3*d - 10 - 8. Let r(k) = k**2 - 2*k + 5*k**2 - 3*k**2 - d + 0*k**2. Let o(i) = 2*i**2 - i - 5. Let u(x) = 4*o(x) - 3*r(x). What is u(3)?
-5
Let c(i) = i. Let o be c(-3). Let r = o + 0. Let y(z) be the second derivative of z**4/12 + z**3/3 - 3*z**2/2 - 606*z. Calculate y(r).
0
Let y(w) = w - 7. Let v be (9/(9/2))/(4/(-26)). Determine y(v).
-20
Let f(q) = q**2 - 4*q - 14. Let v be f(6). Let x(k) = k**2 + 2*k + 4. Calculate x(v).
4
Let z(h) = -2*h - 11. Let w be 10/(((-24)/(-40))/((-6)/(-20))). What is z(w)?
-21
Let w(n) = n**3 - 7*n**2 + 4*n + 3. Suppose 2*g = 8, -2*g + 6 = -r + g. What is w(r)?
-9
Suppose s - 41 = -5*o + 5*s, 4*o - 4*s - 36 = 0. Let u(l) = -o + 17*l + 6 - 20*l - l**2. Give u(2).
-9
Let m(v) = v**2 - 11*v - 6. Let f be m(12). Let l(c) = f*c + 5 - 6*c**2 - 5*c**2 + 10*c**2. What is l(6)?
5
Let w(i) = i. Let y = -33 - -32. Let d(q) = q - 3. Let t(r) = y*d(r) + 4*w(r). What is t(-4)?
-9
Let w(r) be the first derivative of 5/2*r**2 + r - 1/3*r**3 - 4. What is w(6)?
-5
Let n(x) be the second derivative of -x**3/2 - 21*x**2/2 - 47*x - 1. Determine n(-6).
-3
Let v(z) = 1 + 4*z + 4*z - 98*z**2 - z**3 + 5 + 104*z**2. What is v(7)?
13
Let h = -102 - -106. Let o(i) = i - 3. Determine o(h).
1
Let b(q) = q**2 + 2*q - 2. Let k be (-3 + 0 - -2) + -4. Calculate b(k).
13
Suppose 2*o - d = 4*d + 30, -3*o + 20 = 5*d. Let t(n) = -o + 4 - 2*n + 8 + 1. Suppose -r = -4*r + 12. Determine t(r).
-5
Suppose -j = 5 + 3. Let w(c) = -314 + c**2 + 6*c + 625 - 306. Calculate w(j).
21
Suppose -k = 2*k - 30. Suppose -2*u = -2*j - u + k, -u - 4 = 0. Let o(h) = j*h + 8 + 0*h + h - 5*h. Give o(6).
2
Let u(l) be the first derivative of 2*l**3/3 + 2*l**2 - 2*l - 2. Let x be (2/4)/(66/(-16) - -4). What is u(x)?
14
Let b(f) = 12*f**3 - 2*f**2 - f. Suppose -5*v - 14 = -3*k, 0 = -v - 3*k + 3 + 5. Give b(v).
-13
Let g(r) = 26*r**3 - 20*r**2 - 14*r + 3. Let x(v) = -9*v**3 + 7*v**2 + 5*v - 1. Let c(k) = -6*g(k) - 17*x(k). What is c(-1)?
4
Suppose 18*a - 25 + 79 = 0. Let y(j) = 3 - j**3 + 0*j**3 + 2*j**2 + 3*j**3 - 3*j. Calculate y(a).
-24
Let h be 5/15 - (-16)/6. Suppose 0 = -4*r - 5*j - 41, -r + j = h*j + 14. Let f(i) = -i**3 - 5*i**2 + 4. Determine f(r).
-12
Let z(o) be the third derivative of -o**2 - 1/60*o**5 - o**3 - 7/24*o**4 + 0*o + 0. Determine z(-7).
-6
Let r(f) be the third derivative of f**4/24 + 5*f**3/6 + 6*f**2 + 5. Calculate r(-12).
-7
Let u(o) be the third derivative of -o**5/60 + 3*o**4/8 + 7*o**3/6 - 7*o**2. What is u(9)?
7
Let d(u) = u - 475*u**3 - u**2 + 159*u**3 + 160*u**3 + 157*u**3 + 9. Determine d(0).
9
Let g(h) be the first derivative of -h**2/2 - 8*h - 48. Calculate g(-6).
-2
Let m(b) = -b**3 + 8*b + 7*b**2 - 7*b - 2*b - 3*b**2. What is m(3)?
6
Let w(k) = k**3 + 5*k**2 - 6*k - 5. Let z = -11 - -39. Suppose 4*a + 4 = z. Suppose -3*o = 2*t + a, -4*o = 5*t - 6*o + 34. Give w(t).
-5
Let s be 23/(-7) - (-24)/84. Let x = s + 5. Let r(t) = -8*t**x + 6*t**2 + t**2 + 17*t**3. Determine r(1).
16
Let v be 1/((-15)/45 + (-26)/(-69)). Let d(n) = 21*n - v*n - 5 + 7. What is d(-4)?
10
Let v(r) = -4*r**2 - 5*r. Let l = 487 + -491. Give v(l).
-44
Let j(c) = 